. Let d(f) = -f - 1. Let r(k) = c(k) + d(k). Determine r(v).
-1
Let a(o) = -o**3 + 7*o**2 + o - 7. Let q(s) = -s**2 + 13*s - 4. Let x be q(11). Suppose 2*n - x = -2*p, 2*n + p - 9 = 7. Determine a(n).
0
Let w(c) = -c**2 - 7*c - 2. Let d(r) = -1. Let v(n) = -4*d(n) - w(n). Suppose -16 = -5*y + 4. Let o be (-20)/y + 0/2. Determine v(o).
-4
Let i(g) = -g**3 - g + 1. Let o(a) = 5*a**3 + 2*a**2 + 3*a - 4. Let b(c) = 3*i(c) + o(c). What is b(1)?
3
Suppose 0*c = -5*c + 10. Let d(x) be the first derivative of -3/2*x**c - 1 - 1/3*x**3 + 5*x. Give d(-4).
1
Let n(j) = j**3 - 8*j**2 + 9*j - 10. Let v be n(7). Suppose -9*f = -v*f + 30. Let i(o) = o**3 + 7*o**2 + 6*o. What is i(f)?
0
Let l(b) be the second derivative of -b**5/20 + b**4/6 + b**2 + 3*b. Let u = 2 + -8. Let t(g) = g**3 + 6*g**2 + 3. Let f be t(u). Calculate l(f).
-7
Let v(a) be the first derivative of -4*a**3/3 + a**2/2 - a + 3. Determine v(1).
-4
Let k = 13 + -7. Let d be 33/k + (-1)/2. Suppose 10*h - d = 5*h. Let v(q) = 8*q - 1. Determine v(h).
7
Let r(q) = q + 1. Suppose -7 = -x - 8. Let j be x - (0 + -1)*-2. Give r(j).
-2
Let s(j) = 5*j - 4*j + 3*j**2 - 10*j**2. Calculate s(-1).
-8
Let l(x) be the third derivative of 0*x**3 - 2*x**2 + 0*x - 1/20*x**5 + 0 + 1/24*x**4. Calculate l(1).
-2
Let c(o) = -4*o - 28. Let a be c(-6). Let t(h) = h**2 + 3*h - 3. Calculate t(a).
1
Let r(o) = o**2 + 4*o + 3. Let k be r(-3). Let v(u) = -6*u**3 + k*u**2 - 4 + 2*u**3 + 3*u**3 + 6*u + 3*u**2. Suppose 4*z - 18 = -2. What is v(z)?
4
Let x(k) = 4*k**2 - 4*k + 3. Let t(f) = 7*f**2 - 9*f + 5. Let r(l) = -3*t(l) + 5*x(l). Determine r(6).
6
Let v = 3 - -1. Let f(s) be the first derivative of s**3/3 - 3*s**2 + 6*s + 1. Calculate f(v).
-2
Let q(x) = 6*x**2 - x - 1. Suppose -3*a = -5 + 8. Give q(a).
6
Let z(y) = 9*y**2 + 51*y + 21. Let x(b) be the second derivative of -b**4/12 - 5*b**3/6 - b**2 + 4*b. Let n(j) = -21*x(j) - 2*z(j). Calculate n(-2).
6
Let w = 4 - 9. Let i(z) be the first derivative of -z**3/3 - z**2 + 6*z + 1. What is i(w)?
-9
Suppose -3*w - 3*l = 21, -l + 8 = w - 3*l. Let f be -3 - w - (-1 + -6). Let v(p) = -p**3 + 0*p**3 - 9*p**2 + f - 5*p + 3*p**2. Give v(-5).
6
Let s = 16 - 2. Suppose 0 = -5*p - 0*p - 2*l + 5, -2*p - 4*l = s. Let k(x) = -x**3 + 4*x**2 - 2*x - 1. Determine k(p).
2
Let m = 11 + -8. Let v(s) be the third derivative of 1/6*s**3 + 0 + 0*s**4 - s**2 + 0*s + 1/20*s**5 - 1/120*s**6. Determine v(m).
1
Let s(m) = -m. Let q be s(-5). Let h(l) = 5*l**2 - 3*l - 3. Let y(v) = 4*v**2 - 3*v - 4. Let r(b) = 3*h(b) - 4*y(b). What is r(q)?
-3
Let q(p) = -2*p - 6. Let y be q(-4). Suppose -3*j + 7 = -6*j + 4*k, -2*k = -8. Let n(u) = -2*u**y + 6*u + 5*u**j + 5*u**2 + 3*u**2 - 4*u**3. What is n(-4)?
8
Let p(v) = -v**2 + v + 1. Let m(g) = 3*g + 1. Let w(t) = -m(t) - p(t). Suppose 2*n - 25 = -3*n. Determine w(n).
3
Let o(y) = y**2 - 6*y - 2. Let f(s) = 7*s**2 - 18*s - 1. Let d(m) = 6*m**2 - 17*m. Let h(q) = -6*d(q) + 5*f(q). Let k be h(11). Calculate o(k).
-2
Let u(g) = g**2 + 5*g - 7. Let o = -12 - -32. Suppose a - 3*a - 10 = 0, -5*l + a - o = 0. Determine u(l).
-7
Let d(n) = -2*n + 3. Let u be d(-6). Suppose -2*v = 3*v - u. Let f(t) = t**3 - 3*t**2 + t + 1. What is f(v)?
4
Let m(j) be the first derivative of j**2 + 0*j - 1/3*j**3 + 2 - 1/24*j**4. Let x(q) be the second derivative of m(q). What is x(-5)?
3
Suppose -4*d - 2*k - 16 = 0, -k - 2 = -5*d + 2*k. Let u be d - 4/(4 - 2). Let v(o) = -o**2 - 5*o - 6. Give v(u).
-2
Let w(l) = -11*l + 23. Let a(k) = -5*k + 11. Let u(z) = -13*a(z) + 6*w(z). What is u(-6)?
1
Let m(z) = z**3 + 5*z**2 - 6. Let l = 12 + -11. Let t be (-6 - 4)*l/2. Calculate m(t).
-6
Suppose 3 = 4*y - 5. Suppose 3*s = y*s - 5. Let d(m) = m**3 + 6*m**2 + 4*m. Give d(s).
5
Let d(s) = 2 - 2*s**2 + 5*s - s**3 + 0*s - 4*s. Suppose -7 = -3*x - 6*f + 2*f, x - 1 = -f. Calculate d(x).
8
Let h(r) = r**3 - 2*r**2 - 4*r + 4. Suppose 3*u - u - 2 = 0. Let d(v) = -6*v**3 + v**2. Let n be d(u). Let k = n + 8. Calculate h(k).
1
Let c be ((-8)/(-6))/((-4)/(-6)). Suppose -4 = h - c. Let j be (-2)/2*h - 6. Let g(k) = k**3 + 4*k**2 - 2*k - 4. What is g(j)?
4
Let o(y) = 0*y**2 - 3*y**2 + 4*y**2 + 1 + 2*y. Calculate o(-2).
1
Let k(h) = h**3 - 8*h**2 + 3. Let u be k(8). Suppose v - 3*b = u, 0*b + 4*b - 4 = 0. Let a(s) = -s**2 + 5*s + 7. Calculate a(v).
1
Let a(f) = 9 + 8*f - 12 + 1. Determine a(2).
14
Let l(m) be the first derivative of -m**3 - m**2/2 - m + 1. Let i = -5 + 9. Let j be i/(-3) + (-8)/(-24). Determine l(j).
-3
Let s(h) = h. Let l be s(2). Suppose 5*b - 8 = l. Suppose -b = 2*x + 2. Let m(q) = -q**3 - 4*q**2 - 3*q. What is m(x)?
-2
Let y(s) be the second derivative of -s**4/12 + s**3 - 5*s**2/2 + 18*s. Determine y(8).
-21
Let q(i) = i**2 - 5*i - 5. Let z be (-2)/8 - 12/16. Let j be z/((4/(-20))/1). Calculate q(j).
-5
Let u(t) be the first derivative of -t**4/4 - 4*t**3/3 - 4*t - 1. Determine u(-3).
-13
Let l(m) = m**3 + 4*m**2 + 2*m. Let h be (-7 - (2 - 3))/2. What is l(h)?
3
Let o(c) be the first derivative of -c**7/840 - c**6/360 + c**5/30 - c**4/8 - 4*c**3/3 + 2. Let p(l) be the third derivative of o(l). Give p(2).
-7
Let c be -2 + 2 - (-3 - -22). Let z = c + 13. Let a(j) = -j**3 - 6*j**2 + j + 4. Give a(z).
-2
Suppose 0 = g + 2*g - 12. Let s(v) be the third derivative of -v**5/120 + v**3/6 + v**2. Let i(u) be the first derivative of s(u). Determine i(g).
-4
Let x(o) be the second derivative of o**2 - 2*o + 5/6*o**3 + 0. Suppose 10 = 5*u + 2*f, 2*f + 3*f = -2*u + 4. Determine x(u).
12
Let a = 12 - 18. Let r = -5 - a. Let s(x) be the third derivative of x**4/6 - x**3/6 + x**2. Determine s(r).
3
Let i(v) = -2*v + 4. Let g(n) = 1 + 6*n - 2 + 3*n**2 - 2*n**2. Let h be g(-6). Let b be ((-1)/h)/(2/8). What is i(b)?
-4
Let n(o) = 9*o**2 + o + 6. Let l(h) = -10*h**2 - h - 7. Let t(f) = 6*l(f) + 7*n(f). Calculate t(2).
14
Let i(k) = k - 5. Let c be i(5). Suppose 15 = -5*m - c*m - 5*v, 11 = 3*m - v. Let f(j) = -5 + j**m - j + 3*j - j. Give f(0).
-5
Let p(v) be the first derivative of 1/2*v**2 + 1/4*v**4 + 1 + 3*v + 1/3*v**3. What is p(0)?
3
Let d(j) = 5*j + 8. Let m(s) = 3*s + 5. Let h(f) = -5*d(f) + 8*m(f). Suppose -2*w = -5*w - 18. Let z = w - -3. Determine h(z).
3
Suppose -2*p = 4*b + 10, p - 15 = 4*b - 2*p. Let t(r) = r**3 + 3*r**2 - 3*r - 4. Determine t(b).
5
Let r(a) = -3*a - 8. Let c be r(-6). Suppose -15 = -5*w + c. Let z(m) = -3*m**3 - 2 - 3 + 5*m**2 + 2*m**3 + 2*m. Calculate z(w).
5
Let b(u) = u**2 - 7*u + 4. Suppose -5*r + 10*r - 15 = 0, -5*r + 1 = -2*l. What is b(l)?
4
Let v = -41 + 39. Let s(j) = j**3 + 3*j**2 + 3*j + 1. Calculate s(v).
-1
Suppose 0 = 4*y - 9*y - 15. Let v = 1 + 0. Let r(x) = 1 + 2*x + 4 - v. Give r(y).
-2
Let p(y) = y**2 + 8*y + 3. Let o(g) be the first derivative of -g**3/3 + g**2/2 - 8*g - 6. Let a be o(0). Calculate p(a).
3
Let i(b) = -43*b**2 + 2*b**3 + 1 - 12*b**3 + 44*b**2 - 2*b. Let n(w) = -w. Let j be n(-1). What is i(j)?
-10
Let i = 15 + -15. Let f(w) = w**2 + 5. Determine f(i).
5
Let l(f) be the third derivative of -f**5/60 - f**4/6 + 2*f**3/3 - 2*f**2. Let j(k) = -2*k - 1. Let p be j(2). Calculate l(p).
-1
Let o(u) = 5*u**3 - 10*u**2 - 6*u + 5. Let s(i) = -14*i**3 + 29*i**2 + 17*i - 14. Let y(q) = -11*o(q) - 4*s(q). Give y(6).
-11
Let u(g) = g**2 + 5*g + 6. Suppose -5*f = -i + 21, 2*f + 5 = -5. What is u(i)?
2
Let h(f) be the first derivative of f**3/3 - f**2/2 - 2*f - 81. Let c = -6 - 0. Let p be c/2 + (-1 - -2). Determine h(p).
4
Let m = -3 + 2. Let w = m - 4. Let y(s) = -4*s - s**3 + 8 - 2*s**2 - 3 - 4*s**2. What is y(w)?
0
Let h(r) = r**3 - r**2 + 5. Let m = 8 + -1. Suppose 9*z = m*z. Calculate h(z).
5
Let d(z) be the second derivative of -z**4/6 - z**3/6 - 14*z. What is d(2)?
-10
Let n(l) be the first derivative of l**6/360 + l**5/120 - l**4/24 + l**3 + 3. Let g(t) be the third derivative of n(t). Calculate g(-4).
11
Let o(m) = 2*m - 1. Let y = 13 + -11. Determine o(y).
3
Let d(w) = -w - 5. Suppose 0 = 5*x - 21 + 1. Let m = 23 + -23. Suppose -y + x*y = m. Calculate d(y).
-5
Let a be (2 + 60/(-21))*14. Let v be (-1 - -10)*(-4)/a. Let m(k) = 3*k - 3*k - 2 - 5*k**2 + 0*k - k**v. Calculate m(-5).
-2
Let i(z) = -8*z - 7. Let x(v) = -7*v - 6. Let o(w) = -2*i(w) + 3*x(w). Suppose 0*b + 6 = -2*b. Give o(b).
11
Let g(x) = -x**2 - 7*x + 5. Let j be (98/21)/(2/(-3)). Le